 k = 1 - p. Let x(q) = 3*q**2 - q - 1. What is x(k)?
3
Let w(h) be the third derivative of 0 - 2/3*h**3 - 1/12*h**4 + 28*h**2 + 0*h. Determine w(-6).
8
Let p(a) = 7*a - 1. Let t(x) = -x**2 + 8*x - 11. Let i be t(6). What is p(i)?
6
Let j(k) be the second derivative of -k**4/6 - k**3/3 - 3*k**2/2 + 25*k - 9. Suppose -y = y + 6. Give j(y).
-15
Let d(z) be the first derivative of 3*z - 2*z**2 - 1/4*z**4 + 4/3*z**3 + 7. Calculate d(3).
0
Let f(d) be the first derivative of -d**3/3 - 11*d**2/2 - 9*d + 953. Calculate f(-7).
19
Let g(p) = 11*p - 2 - 10*p - 4*p**2 - 2*p**3 + 0*p**2 + 3*p**2. Calculate g(-2).
8
Let b(w) = -w**3 - 4*w**2 - 2*w + 2. Let z(x) = x - 4. Let m be z(1). Let a be b(m). Let t(o) = -8*o + 1. Calculate t(a).
9
Suppose t - 6*t + 15 = 5*v, 2*t = 2*v - 10. Suppose 4*r + v = 8. Let y = r + -4. Let f(n) = -n**3 - 2*n**2 + 2*n. Determine f(y).
3
Suppose 18*f = -17*f - 105. Let w(i) = -i**2 - 5*i - 3. Determine w(f).
3
Let x = 52 - 60. Let s(t) be the first derivative of t**2/2 + 5*t + 2. Give s(x).
-3
Let z(g) = g - 3*g - 43 + 40 + 11. Determine z(3).
2
Let d be (-25)/(-9) - (-6)/27. Suppose -o - d*u = 4*o + 18, 5*u = -5. Let c(n) = n**3 + 2*n**2 - n - 4. Give c(o).
-10
Let d be ((-36)/8 - -1)*-2. Let t(s) = 0 - 5 - 6*s + 17*s - d*s. What is t(4)?
11
Let m(x) = -x**2 + 3*x + 3. Let u(w) = 2*w**2 - w**2 + w**2 - 1 + 2*w**2. Let k be u(-1). What is m(k)?
3
Suppose -5*h - 4*m + 49 = 0, -h - 2*m + 47 = 4*h. Let o be 3/h + 22/6 - 5. Let k(j) = 3*j + 1. Determine k(o).
-2
Suppose 22*t = 11*t + 44. Let i(f) be the first derivative of f**4/4 - f**3 - 2*f**2 + 4*f + 5. What is i(t)?
4
Let v(w) = w**3 + 10*w**2 + 17*w + 9. Let a = -849 - -841. Calculate v(a).
1
Suppose t - 6*t = -3*p - 19, -4*t - 4*p - 4 = 0. Let g(f) = -2*f**3 + 2*f**2 - f + 1. Give g(t).
-9
Let q(a) = -a**2. Let t(s) be the second derivative of -s**5/20 - s**4/3 + 2*s**3/3 + 2*s**2 + 2*s. Let b(c) = -q(c) + t(c). Let d = -9 - -6. What is b(d)?
-8
Suppose 69*z + 399 + 153 = 0. Let b(j) = j**3 + 9*j**2 + 2*j - 5. Calculate b(z).
43
Suppose -5*f + 5 = 5*h, -2 + 5 = h. Let d(z) = -4*z - 3. Let o(w) = -5*w - 4. Let i(j) = 7*d(j) - 6*o(j). Determine i(f).
-1
Suppose 0 = -4*k - 4*k - 16. Let z(g) = 4*g**2 - 1. Determine z(k).
15
Let q be ((-29)/21 + (-4)/(-6))*-7. Let z(x) = x**2 - 6. What is z(q)?
19
Let y = -53 - -59. Let u(a) = -a + 9*a - y*a. What is u(-3)?
-6
Let r(c) be the third derivative of -c**5/60 + c**4/12 + 13*c**3/6 + 5*c**2 - 10*c. Calculate r(4).
5
Let b = -14 + 20. Let v = -31 + 34. Let c(f) = -2 + f**2 + 2 - 7*f + 0 - v. Determine c(b).
-9
Let f(l) = -2266 - 8*l - l**3 + 11*l**2 - 4*l + 2272. What is f(10)?
-14
Let c(w) = -2*w**2 + 21*w - 12. Let l = -215 - -225. What is c(l)?
-2
Let m(n) = n**2 + 3*n - 4. Let x(b) = -b**3 - 13*b**2 - 19*b + 27. Let w be x(-11). Suppose 0 = -4*y + 6*y - 6. Let g = w + y. What is m(g)?
-4
Let n(y) = -7*y**2 - 10*y - 35. Let a(z) = 6*z**2 + 9*z + 29. Let k(t) = 6*a(t) + 5*n(t). Give k(-4).
-1
Let k(c) = 105*c**2 - 13*c + 5. Let h(r) = -70*r**2 + 8*r - 3. Let m(s) = -8*h(s) - 5*k(s). What is m(1)?
35
Let j(v) = -3*v**2 + v - 3. Let i(s) = -s**2 - 1. Let a(u) = -8*i(u) + 3*j(u). Calculate a(2).
1
Let q(l) = l**3 - 3*l**2 - 3*l - 1. Let d be q(4). Suppose d*g + 12 + 0 = 0. Let h(t) = -t**3 - 3*t**2 + 5*t + 4. Calculate h(g).
0
Let v(r) = -r**3 + 4*r**2 - 2*r - 2. Let z be v(3). Let n(s) be the first derivative of 0*s + 5/4*s**4 - 26 - 1/2*s**2 + 0*s**3. Calculate n(z).
4
Let p(i) = 5*i + 1. Let o be (8/((-48)/14))/((-3)/(-9)). Give p(o).
-34
Let g = 65 + -71. Let w(k) = -k - 4. Calculate w(g).
2
Suppose 0*j - 3*j = 5*o - 24, -20 = -3*o + j. Let x(i) = -i + 4. Let l be x(o). Let p(m) = 4. Let q(c) = -c - 3. Let v(g) = 3*p(g) + 4*q(g). Give v(l).
8
Let u be 28/(-6) - (-4)/6. Let k(c) = -3*c + 131*c**2 + 4*c - 3 - 57*c**2 - 73*c**2 + 3*c. What is k(u)?
-3
Let z(p) be the second derivative of p**3/3 + 9*p**2 - 2*p - 16. Calculate z(-13).
-8
Let s = 533/2 - 266. Let g(y) be the second derivative of s*y**2 + 3*y + 0*y**3 - 1/10*y**5 - 1/12*y**4 + 0. Determine g(-1).
2
Let q(y) = 8*y. Let d(m) be the second derivative of m**4/12 + 2*m**2 + 4*m. Let n be d(0). Suppose n*v = -0*v - 4. Give q(v).
-8
Let p(t) be the first derivative of 0*t**3 - t**2 + t - 5 + 9/4*t**4. What is p(1)?
8
Suppose f + 37 = -3*a, 4*f = a - 36 - 73. Let b be (-18)/(-14) + 8/f. Let u(y) = -2*y**2 + b - 2*y**2 + y**2 - 5*y**2. Give u(-1).
-7
Let c(r) = 4*r + 1. Let d(l) = 6*l. Let m(z) = -5*c(z) + 5*d(z). Calculate m(6).
55
Let p(n) = -2*n**3 - 26*n**2 - 2*n - 16. Let w(r) = r**3 - 5*r**2 + 4*r - 7. Let b be w(3). Let a be p(b). Let f(k) = k - 14. Determine f(a).
-4
Let g(r) be the second derivative of r**6/360 - 7*r**5/120 - r**4/12 - 8*r. Let w(v) be the third derivative of g(v). Calculate w(6).
5
Let k = 212 - 209. Let a(f) be the third derivative of 0*f + f**2 - 1/12*f**4 + 0 + 5/6*f**k. Give a(5).
-5
Let t(h) = h**2 + 5*h - 19. Let g be t(-8). Suppose -4*b + z - 75 = -2*z, -z = -g. Let f = -17 - b. Let p(n) = 3*n + 3. Give p(f).
-3
Let a(b) = -18*b - 29. Let h be a(-2). Let p(v) = -v + 9. Calculate p(h).
2
Let l be 3/4*2 + 45/6. Let h(u) = 13*u**3 - 32*u**2 - 27*u + 1. Let p(v) = 3*v**3 - 8*v**2 - 7*v. Let t(m) = l*p(m) - 2*h(m). Calculate t(9).
-2
Suppose -4*p - 9 = 4*z - 41, 0 = -p + 5. Suppose 0*w + 15 = z*w. Let a(s) = -w + 3*s**3 - s + 2*s**3 - 6*s**3 + 11. Give a(0).
6
Let j(n) = n**3 - 10*n**2 + 7*n + 9. Let c(s) = 2*s**3 - 21*s**2 + 15*s + 19. Let w(b) = -6*c(b) + 13*j(b). Calculate w(3).
-3
Let d(v) = -2*v + 7. Let s(i) = -i**3 - 2*i**2 - 4*i - 3. Let w be s(-2). Suppose w*h - 6 = 24. Give d(h).
-5
Let l(n) = 3. Let d(b) = -b + 12. Let p(u) = -d(u) + 4*l(u). Determine p(0).
0
Suppose -14*l - 273 = -53*l. Let f(r) = r**3 - 6*r**2 - 6*r - 6. Give f(l).
1
Let u(i) = -i + 7. Let z be 0*3/(-6)*1. Suppose 0 = l, l = -3*a - z*a + 15. Give u(a).
2
Suppose -4*g - 24 = -2*u, -6*g = u - 11*g - 21. Let c(v) be the first derivative of 3 + 6*v - 3/2*v**2. Give c(u).
-12
Let u(y) = 14*y**3 - 13*y**2 - y + 14. Let t(k) = 27*k**3 - 28*k**2 - 2*k + 30. Let g(d) = 6*t(d) - 13*u(d). What is g(1)?
-20
Let s(c) be the first derivative of -c**4/4 - 4*c**3/3 + c**2 - 4*c + 27. Give s(-5).
11
Let l(g) = -g + 13. Let o be l(6). Let x(b) = o - 6*b**2 + 16*b**3 + 4*b + 0*b**2 - 15*b**3. What is x(5)?
2
Let f(x) = -7*x**3 + 2*x**2 - x. Suppose -5*i = -0*i + 5, -2*p + 2*i = -4. Give f(p).
-6
Let s = 1 + -2. Suppose -10 = 2*c, 5*c = -2*o - 2*o + 51. Let b(k) = o*k - 32*k + 16*k - 1. Give b(s).
-4
Let t(o) = o**3 - 2*o**2 - o - 1. Let k be -13 - 2*(-4)/(-8). Let g = k + 9. Let w be (-1)/(((-5)/(-3))/g). What is t(w)?
5
Let b(n) = n**2 - 6*n + 5. Let f be b(6). Let q(i) be the second derivative of 8*i + 2/3*i**3 - 1/20*i**5 + 3/2*i**2 + 1/3*i**4 + 0. Determine q(f).
-2
Let p(m) = -2*m - 6. Let n = -1002 - -997. Give p(n).
4
Let w(u) = -3*u - 6. Let s(q) = q + 3. Let c(z) = -5*s(z) - 2*w(z). Let i = -152 + 158. Calculate c(i).
3
Let q(j) = -j**3 + 5*j**2 + 2*j - 3. Suppose 0 = -2*i - 9 + 1. Let t be i + (-1 - -3) + 7. What is q(t)?
7
Suppose 5*b - b - 48 = -5*v, 44 = 5*v + 2*b. Let w(a) = a**3 - 7*a**2 - 7*a - 12. What is w(v)?
-4
Let b(t) = 6 - 424*t**2 + 997*t**2 - 7*t - t**3 - 567*t**2. Suppose -2*j - 26 - 1 = -5*s, 4*s + 4*j - 16 = 0. Determine b(s).
-4
Let y(d) be the first derivative of -2*d**3/3 + 5*d**2/2 - 6*d + 9. Let g be y(4). Let z be 20/6 - 12/g. Let n(l) = l**3 - 5*l**2 + 3*l + 5. Calculate n(z).
1
Let f(z) = 3*z**2 - 3*z. Let b(r) = r**2. Let w(p) = -4*b(p) + f(p). Let v be (4/12)/((-1)/6). Let q be -3 - -1 - (-2)/v. Calculate w(q).
0
Let d(i) be the first derivative of 2*i**3/3 - 16*i**2 + i - 124. Give d(16).
1
Let i(r) be the first derivative of -r**2 + 4*r + 1. Suppose -98*q - 83 + 207 = -268. Determine i(q).
-4
Let x = 5061/20 + -253. Let b(j) be the second derivative of -x*j**5 + 0 - 1/4*j**4 - 6*j + 1/2*j**3 + 1/2*j**2. Calculate b(-2).
-9
Let m(l) = l**2 - 6*l + 3. Let o be (-3)/(-2)*84/9. Let q = -13 + o. Let h be (q/2)/((-1)/(-12)). Give m(h).
3
Let h(j) = 2 + 2 - 7 - 2*j. Let r(g) = -2*g**3 + 28*g**2 - 2*g + 31. Let a be 43/3 + 13/(-39). Let n be r(a). Give h(n).
-9
Let v(i) = 10*i**3 + 7*i**2 - 13*i**3 + 7*i + 5 + 4*i**3. Suppose h + 4*d = -6, 4*h - 30*d + 27*d